sor of h and 16?
4
Let s = 152 + 2. Let h(n) = 3 + 5 - n - 2. Let a be h(-8). Calculate the highest common divisor of s and a.
14
Let k = -7 - -11. Let d(s) = -s**2 + 6*s - 2. Let f be d(5). Suppose k*g = -f*h + 49, 100 = 2*g + 3*g - 4*h. Calculate the highest common divisor of 80 and g.
16
Let w = -41 - -56. Let j = 43 + -28. What is the greatest common factor of w and j?
15
Let k(w) = 6*w - 2. Let u be k(3). Calculate the highest common factor of 16 and u.
16
Let a = -2 - -16. Suppose -4*v = -86 - 50. Suppose 4*x = -2*q + v, -2*x - 4*q + a = -0*q. What is the highest common divisor of 3 and x?
3
Let p = -21 - -39. Let w(l) be the second derivative of -l**4/12 + 7*l**3/6 - 2*l**2 + 3*l. Let o be w(5). Calculate the highest common divisor of o and p.
6
Suppose w = 0, -2*w + 6 = 2*b + w. Suppose q - b = -0. Suppose -q*f + 9 = -2*f. Calculate the highest common divisor of f and 81.
9
Let u = 5 + -2. Suppose 5*x - 4*d + 3*d - 9 = 0, 11 = u*x + 5*d. Suppose 5*w = 8*l - 3*l + 110, 2*w = -x*l + 28. What is the greatest common factor of w and 18?
18
Let n = 33 + 55. Calculate the highest common factor of 8 and n.
8
Suppose 143 = p - 5*u, -p + 688 = 4*p + 2*u. Suppose -3*m = -m - 3*y - p, -2*m + 140 = -2*y. Calculate the highest common factor of 9 and m.
9
Let x(r) = 4 + 6*r - 1 + r**2 - r**2 + r**2. Let b be x(-9). Calculate the greatest common divisor of 45 and b.
15
Suppose s = -2*o + 12, s = -2*s - o + 11. Calculate the greatest common divisor of 2 and s.
2
Suppose -5*a - 55 = -215. Suppose -a = -2*o + u, 4*o - 54 = -u - 2*u. What is the greatest common factor of 5 and o?
5
Suppose -3*t = 5 + 7. Let x = t + 22. Calculate the highest common divisor of x and 144.
18
Let f(z) = -3*z + 3. Let j be f(2). Let o be (j + 11)/(1 + 1). Suppose -o*x - 7 = -19. Calculate the greatest common factor of 18 and x.
3
Let d(z) = z**3 + 8*z**2 + 2*z - 10. Let a be d(-7). Let r be 100/(-6)*(-30)/a. Calculate the highest common factor of 120 and r.
20
Let z = 5 + -25. Let y = -13 - z. Calculate the highest common divisor of 35 and y.
7
Suppose -2*d - 2*d + 880 = 0. Suppose 4*q - c - 80 = 0, 5*q + 0*q + 4*c - 100 = 0. Let g be 0*(1 - 0) + q. Calculate the greatest common divisor of g and d.
20
Let t(j) = j**2 + 3*j + 2. Let u be t(-3). Suppose -3*h + 4*g + 221 = 0, 48 = h - 4*g - 39. Let i = h + -45. What is the greatest common divisor of i and u?
2
Let q(b) = -b**2 + 4*b + 6. Let w be q(-6). Let k = w + 92. Let i be (k/(-4))/(7/(-14)). Calculate the highest common divisor of i and 171.
19
Let v(i) = -56*i**3 - i - 1. Let k = -6 - -5. Let j be v(k). Calculate the greatest common divisor of 7 and j.
7
Suppose -4*l + 1805 + 2661 = 5*o, 2*l - 1788 = -2*o. Suppose 9*i - 5*r = 4*i + o, -4*r + 520 = 3*i. Calculate the highest common divisor of 16 and i.
16
Let k(z) = z**2 + 7*z - 19. Let l be k(-11). Calculate the highest common divisor of 50 and l.
25
Let h be (3 - (4 - 0)) + 26. Calculate the highest common divisor of 25 and h.
25
Let u(m) = m**3 - m**2 + m. Let a be u(2). What is the highest common divisor of a and 66?
6
Suppose 248 = -2*d - 2*s + 5*s, -3*d = 2*s + 346. Let z = d - -206. Calculate the highest common factor of 11 and z.
11
Let l be 86/(-4)*(1 - 3). Let u = l + -28. Let q(c) = c**3 + 17*c**2 - 10*c - 5. Let p be q(-17). Calculate the greatest common factor of p and u.
15
Let l(a) be the second derivative of -3*a**5/20 + a**4/4 + a**3/3 - a**2 - 4*a. Let z be l(-2). What is the greatest common factor of 3 and z?
3
Let r be 15*(-2 - (-24)/9). Suppose q + q = 0. Let u = q + r. Calculate the greatest common factor of 70 and u.
10
Suppose -2*a - 30 = -3*a. Suppose a = j - 3*g, j + 22 = 2*j - 5*g. Calculate the greatest common divisor of 14 and j.
14
Let l(g) = -5*g - 5. Let j be l(-17). Let v = j - 56. What is the greatest common divisor of v and 36?
12
Let i be (-58)/(-5) + (-4)/(-10). Let y = -4 + -2. Let t = 10 + y. What is the highest common factor of i and t?
4
Suppose z - 2*z = 0. Suppose -c - 74 = -2*c + 2*k, z = -k - 5. Calculate the greatest common factor of 8 and c.
8
Suppose 2*y = 2*n - y - 25, -n + 3*y = -17. What is the highest common factor of n and 56?
8
Let r(y) = -y**3 - 10*y**2 - 19*y + 9. Let c be r(-9). Calculate the greatest common divisor of 22 and c.
11
Let o(b) = -2*b - 3. Let h be o(-4). Let z(l) = -2*l - 3. Let f be z(-3). Suppose 0 = -f*v + 193 - 28. Calculate the greatest common factor of h and v.
5
Suppose -5*n + 8*q = 3*q - 35, 3*n = -5*q + 37. What is the greatest common factor of 6 and n?
3
Let p be 9 + -2 + -1 + 0. Calculate the greatest common factor of 30 and p.
6
Suppose -c - 10 = -6*c. Let a be c + 0 - (0 + -1). Suppose -a*m + m + 66 = 0. Calculate the highest common divisor of m and 11.
11
Suppose 1614 - 222 = 12*x. Calculate the highest common divisor of 29 and x.
29
Suppose 0 = 5*u - 4 - 1. Let j be u/(0 + 1)*-4. Let x be (-1 + -1)*6/j. What is the highest common divisor of x and 12?
3
Suppose 20 = 2*n + 5*o, -2*o = -n - 0*o + 10. What is the highest common divisor of 5 and n?
5
Let v = -42 - -72. Suppose x - 6*x - v = 0. Let j be x/15 + (-82)/(-5). What is the highest common divisor of 16 and j?
16
Let v(u) = -5*u - 42. Let i be v(-12). Calculate the highest common factor of 6 and i.
6
Let n(m) = -7 - m**2 - 2 + 0*m + 14*m**2 + 6*m + m**3. Let l be n(-10). Calculate the greatest common factor of 21 and l.
21
Let m = -13 - -27. Let u be 11 + (-2 - -1) + 4. What is the greatest common factor of m and u?
14
Let v(a) = a - 17. Let z be v(9). Let q = 3 - z. Let i be (-554)/(-10) + 2/(-5). Calculate the greatest common factor of i and q.
11
Let a be (-1 - -4)*4/(-6). Let s(g) = g + 6. Let z be s(-5). Let r = z - a. What is the greatest common factor of r and 21?
3
Let g be 1 + (2 + 498)/4. Suppose -36 = -5*y + 3*y. Calculate the greatest common divisor of g and y.
18
Let f(b) = b**3 - 10*b**2 + 12*b + 3. Let g be f(9). Calculate the greatest common divisor of g and 15.
15
Let b be (-3 + 4)/(4 + (-2 - 1)). Calculate the highest common factor of b and 7.
1
Let b = 75 - 52. Calculate the greatest common factor of b and 23.
23
Suppose -54 = -5*y + 66. Let x be (11/(-2) - 0)*2. Let p be (2 + x/4)*-16. What is the highest common divisor of y and p?
12
Let r(m) be the third derivative of m**5/10 + m**4/12 - 2*m**3/3 - 3*m**2. Let h be r(-4). Calculate the highest common divisor of h and 12.
12
Let o(f) = f**2 + 5*f - 8. Let t be o(-6). Let q be 161*(t + 3) - -1. Let b = 34 - 16. What is the highest common divisor of q and b?
18
Let u(m) = m - 1. Let z be u(5). Suppose 1 = a - z*y + 5, -14 = -4*a + y. Calculate the highest common factor of 2 and a.
2
Suppose -95 + 447 = 4*y. Calculate the highest common factor of 8 and y.
8
Let p = -421 + 589. Let h be (3/2)/(2/28). Calculate the greatest common factor of h and p.
21
Let r = 1 + -7. Let j be 20/(r/(-3) + -1). Calculate the greatest common divisor of j and 100.
20
Suppose 231 = 2*q - 4*k - 69, 4*k - 132 = -q. What is the greatest common factor of 16 and q?
16
Let d be 210/12*(-18)/(-15). What is the greatest common factor of d and 21?
21
Suppose 8*z - g = 3*z + 22, 0 = 5*z + 3*g - 14. What is the highest common factor of 4 and z?
4
Let v(s) = s**3 + 7*s**2 - 7*s - 9. Let g(r) = -r**2 + 2*r + 1. Let d be g(4). Let i be v(d). Let a = -22 + i. What is the highest common factor of 9 and a?
9
Suppose -4*l = -2*l - c - 6, 4*l - 12 = c. Suppose 0 = 6*s - 9*s + 12. Suppose -5*t + 24 = -s*t. Calculate the greatest common factor of t and l.
3
Suppose 0 = -5*r - 4*j + 13 + 29, -3*r - 5*j + 20 = 0. What is the greatest common divisor of 10 and r?
10
Let p = 34 - 22. Suppose -7 = -z + 89. What is the highest common divisor of p and z?
12
Let z be (-420)/8*(16/(-5))/4. What is the greatest common factor of z and 336?
42
Suppose -32 - 1 = -3*b. Let r(y) = 2*y**2 - 16*y + 6. Let j be r(b). Calculate the greatest common factor of j and 8.
8
Let p = 0 + 5. Calculate the greatest common factor of p and 5.
5
Suppose -2*k - 105 = k. Let b = 3 + k. Let z be (-2 + 5)*b/(-6). What is the greatest common factor of z and 144?
16
Let y(r) = -r**2 - 9*r + 24. Let c be y(-9). Let j(q) = 30*q. Let l be j(2). Calculate the highest common divisor of l and c.
12
Let m be ((-108)/(-30))/((-4)/(-10)). What is the gr